*u - 1014 = -8*u + 2*y. Calculate the greatest common factor of u and 2266.
103
Let p be ((-56)/20)/(7/(-520)). What is the highest common factor of p and 14768?
208
Suppose -39*k + 52*k = 2548. What is the highest common divisor of k and 448?
28
Suppose 13*p - 24 = -2*l + 18*p, 4*l = 2*p + 80. Let r be 11/(l/174) + 0. What is the highest common factor of 203 and r?
29
Let n(s) = -s**2 - 70489 - 70482 + 6*s + 141002. Suppose -b + a = -2*b + 10, 0 = -5*b - a + 42. Let x be n(b). What is the highest common divisor of 165 and x?
15
Suppose -i - 1 - 20 = 0. Let t = i - -23. Let o be ((-35)/21)/(((-105)/(-72))/(-7)). Calculate the highest common factor of t and o.
2
Let a be 5/(30/36) + 4/(-1). Let m be (-117)/a*(-10)/15*1. Suppose -6*b + 105 = -m. What is the greatest common factor of b and 24?
24
Let l(b) = 2*b**3 - 7*b**2 - 49*b + 129. Let w be l(6). Let a(r) = 5 + 0 + 2*r + r**2 + 0*r**2. Let v be a(-5). Calculate the greatest common factor of w and v.
5
Suppose 0 = -4*n + 1 + 11. Let r(k) = 13*k. Let p be r(n). What is the greatest common divisor of 26 and p?
13
Let k be ((-100)/(-15))/(50/960). Calculate the greatest common divisor of 5600 and k.
32
Suppose -4*s = -5*s - 2*s. Let i be (s - -120)*-10*8/(-100). What is the greatest common divisor of i and 60?
12
Suppose 5*f - 3 = 4*b, 5*f = b + 8 + 4. Let t be 2 + 2 + -5 + f. Suppose t*o - 250 = -3*o. Calculate the highest common divisor of 20 and o.
10
Let u be ((-20)/15)/((-455)/(-42) + -11). Suppose 5*m = q - 2*q - 741, -295 = 2*m - q. Let t = 212 + m. Calculate the greatest common divisor of u and t.
8
Let r be (1 - (3 + -1)) + 266. Let u = 23506 + -23501. What is the highest common factor of u and r?
5
Suppose -35*h = -41559 - 18781. Calculate the greatest common factor of 4 and h.
4
Suppose 9 = h - 4*v, -3*v = -2*v. Let p be 6*(7 + -4) + -2. Let d be (p - 4)*(-6)/(-8). What is the highest common divisor of h and d?
9
Let i be -1 - 1 - (-13 + 6 - -3). Let o be (348/(-30))/1 - i/5. Let d = 20 - o. What is the highest common factor of d and 4?
4
Let k = -1 + 197. What is the highest common divisor of 2 and k?
2
Suppose -h - 32 = -5*h. Suppose 31*u - 6494 = -1782. Calculate the highest common factor of h and u.
8
Suppose -46*k = -13291 - 15597. Calculate the greatest common factor of k and 2041.
157
Let h = 40 + -30. Suppose 2*a = 8 - 2. Suppose -a*f = -2*f - 2*d - 36, 3*f + 4*d - 78 = 0. Calculate the greatest common divisor of f and h.
10
Let g(c) = 24*c - 146. Let u be g(6). Let k be (u + (-8)/(-6))/(4/(-450)). What is the greatest common factor of 125 and k?
25
Let o = 2933 - 2883. What is the greatest common divisor of 18350 and o?
50
Suppose -2*z + 4*a + 0*a = -1126, 2*z - 1123 = 3*a. Let o = z + -517. Let g = 62 + 18. What is the greatest common divisor of g and o?
40
Suppose 0 = 4*z - 5*a - 207, -5*z - 2*a = -8*z + 150. Suppose -5*l + 60 = -0*l - 5*g, g = -3*l + z. What is the highest common factor of l and 45?
15
Let b be (-19792)/(-64) - ((-1)/(-4) - 3 - -2). What is the highest common divisor of 15035 and b?
155
Let l be (119/21)/((-1)/(-12)). Let k(t) = -4*t**3 - 17*t**2 - 19*t + 25. Let i be k(-4). What is the greatest common factor of i and l?
17
Let u be 225/90*(0/(-2) + 2). Suppose 2*y - 3*l = 7, 3*y + u*l + 9 = 5*y. Let w be 12 + 0 - 24/(-16)*y. What is the highest common divisor of 135 and w?
15
Suppose 21*c = -2*c + 3137 + 33295. Calculate the highest common divisor of 216 and c.
72
Let r(v) = -7*v - 5. Let s be r(-7). Let a be (-1*(-45)/(-10))/(1/6). Let i = s + a. Calculate the highest common divisor of i and 51.
17
Suppose 2*r - 18 = 8*r. Let x be (-4698)/90*(-5)/r*-2. Calculate the highest common divisor of 116 and x.
58
Let y(f) = 61*f - 818. Let s be y(14). Calculate the highest common factor of s and 441.
9
Let x(l) = -l**3 + 26*l**2 - 4*l + 6. Let n be x(19). What is the greatest common factor of n and 54?
27
Let w = -18 + 22. Suppose -5*i + 6 = -w. Suppose 0 = 3*a + 3*p - 2*p - 331, -3*a = i*p - 332. Calculate the highest common factor of 10 and a.
10
Suppose -5*m - 3*x + 2*x = -141, -m + 9 = 5*x. What is the greatest common divisor of 261 and m?
29
Let r be (-12)/9*-23*9. Suppose -285 = -3*f + r. Let d(g) = -16*g**3 + 2*g**2 + 2*g + 1. Let l be d(-1). What is the greatest common factor of f and l?
17
Let v(f) = 4*f**2 - 93*f + 878. Let b be v(14). What is the highest common factor of 6360 and b?
120
Let n = -19639 + 21255. What is the highest common divisor of 96 and n?
16
Let z = 134 + -70. Suppose -154656 = -100*u - 7456. What is the greatest common factor of u and z?
64
Let w(r) = -241 - r - 229 + 967 - 242 - 240. Let t be (3/(-2))/((-2)/4). Let j be w(t). Calculate the highest common factor of 36 and j.
12
Let l(k) = -3*k**3 - 108*k**2 - 74*k - 190. Let m be l(-37). What is the greatest common factor of m and 5?
5
Let n = -335 - -337. Suppose 83 - 361 = -5*f + 2*h, 0 = -n*f + 3*h + 109. Calculate the greatest common divisor of 12 and f.
4
Let b = -1249 - -2415. What is the greatest common divisor of 44 and b?
22
Let q(s) = s**3 - 9*s**2 + 2*s. Let x be q(9). Let c be 36*(4/(-15))/(7/(-35)). Calculate the highest common factor of c and x.
6
Let s(n) = n**2 + 10*n + 12. Let r be s(-12). Let p = -33 + r. Suppose 1 = -5*u - 4*b - 0, 0 = -4*u - 3*b. Calculate the greatest common divisor of p and u.
3
Let h = 1535 - 1483. What is the greatest common factor of 6 and h?
2
Let h = -501 - -946. Let k = 769 - h. What is the greatest common factor of 18 and k?
18
Suppose 0 = 47*n - 1820 - 17638. Let x = 40 + 6. Calculate the highest common divisor of n and x.
46
Let v = 486 + -488. Let i be (-21)/(-42) + (-349)/v - 0. Calculate the highest common divisor of 14 and i.
7
Let d = 870 + 180. Suppose -91*s = -98*s + d. Calculate the greatest common factor of 60 and s.
30
Let n = -312 - -543. Suppose -13*o - 810 = -8*o. Let p = o + n. What is the highest common divisor of 46 and p?
23
Let g(b) = -3*b - 119. Let m(t) = 8*t + 239. Let a(p) = -14*g(p) - 6*m(p). Let l be a(0). Calculate the highest common divisor of l and 58.
58
Suppose -h + 3*o = -6159, 32089 = 5*h - 4*o + 1206. What is the greatest common divisor of 45 and h?
9
Suppose -27*y + 5*y = -5874. Let v = y - 223. Calculate the highest common divisor of 484 and v.
44
Let q(r) = 53 + 27*r**2 + 22 - 26*r**2. Suppose 0 = -0*f - 5*f. Let g be q(f). Calculate the highest common divisor of 15 and g.
15
Suppose -4*k = 3*a + 24, -3*a = k + 41 - 8. Let h(z) = -4*z - 4. Let c be h(-2). Let u be ((a/9)/2)/(c/(-138)). What is the highest common factor of 69 and u?
23
Let c be 4/(-30) + 636/45. Let b = -1 + 1. Suppose 3*s - s - 42 = b. What is the highest common divisor of s and c?
7
Suppose -14*x + 4222 + 5545 = -4933. Calculate the highest common factor of x and 550.
50
Let v(p) = 2016*p - 12521. Let y be v(7). What is the highest common factor of y and 43?
43
Suppose -1872*l - 10500 = -1897*l. What is the greatest common divisor of l and 924?
84
Suppose -1044 = -3*y + 4*t, 5*t - 708 = -2*y + 11. What is the greatest common divisor of 44 and y?
44
Let p(x) = x**3 + 11*x**2 + 12*x + 8. Let f be 276/(-161)*(0 + (-21)/(-6)). Let y be p(f). Calculate the highest common factor of 145 and y.
29
Let w = 1891 + 319. What is the greatest common factor of 1190 and w?
170
Let x(y) = 528*y + 5328. Let r be x(-10). Calculate the highest common divisor of 1560 and r.
24
Let i be 28/(-854) - (-2125764)/1098. Calculate the greatest common factor of 20 and i.
4
Let d = -71 + 73. Let b(l) = l**2 - 40*l + 89. Let w be b(38). What is the greatest common factor of d and w?
1
Suppose 0 = -3*v + 7*v - 17*v + 13195. Calculate the greatest common divisor of 9947 and v.
203
Suppose l - 6*l = -n + 244, 0 = 5*n + 4*l - 1104. Calculate the greatest common divisor of 476 and n.
28
Let c = -30021 + 31704. Calculate the highest common factor of c and 918.
153
Let a = -91 + -88. Let j = 192 + a. Calculate the greatest common divisor of j and 286.
13
Let w(y) = -y**3 + 2*y**2 + 2*y + 9. Let h be w(-9). Suppose -19*b + h = 198. Calculate the greatest common divisor of b and 312.
12
Let o be ((-3)/2)/((-24)/544) - -6. Calculate the greatest common factor of o and 76.
4
Let m(u) = 146*u - 258. Let q be m(8). What is the greatest common factor of 245 and q?
35
Sup